{"id":13712,"date":"2023-08-22T15:55:38","date_gmt":"2023-08-22T13:55:38","guid":{"rendered":"https:\/\/iro.pk.edu.pl\/?page_id=13712"},"modified":"2025-08-11T12:36:09","modified_gmt":"2025-08-11T10:36:09","slug":"kalendarz-akademicki-2023-2024","status":"publish","type":"page","link":"https:\/\/iro.pk.edu.pl\/pl\/kalendarz-akademicki-2023-2024\/","title":{"rendered":"KALENDARZ AKADEMICKI 2025\/2026"},"content":{"rendered":"\n<figure class=\"wp-block-table\"><table><thead><tr><th><\/th><th>Semestr zimowy<\/th><th>Semestr letni<\/th><\/tr><\/thead><tbody><tr><td><strong>Pocz\u0105tek<\/strong><\/td><td>01.10.2025<\/td><td>23.02.2026<\/td><\/tr><tr><td><strong>Koniec<\/strong><\/td><td>25.02.2026<\/td><td>30.09.2026<\/td><\/tr><tr><td><strong>Sesja egzaminacyjna<\/strong><\/td><td>29.01 &#8211; 10.02.2026<\/td><td>17.06 &#8211; 30.06.2026<\/td><\/tr><tr><td><strong>Sesja poprawkowa<\/strong><\/td><td>11.02 &#8211; 17.02.2026<\/td><td>01.09 &#8211; 15.09.2026<\/td><\/tr><tr><td><strong>Dni wolne od zaj\u0119\u0107<\/strong><\/td><td>02.10.2025 &#8211; Inauguracja roku akademickiego<br>31.10 &#8211; 02.11.2025 &#8211; \u015awi\u0119to Wszystkich \u015awi\u0119tych<br>10.11.2025 &#8211; dzie\u0144 wolny za \u015bwi\u0119to przypadaj\u0105ce w sobot\u0119<br>11.11.2025 &#8211; Narodowe \u015awi\u0119to Niepodleg\u0142o\u015bci<br>18.12.2025 godz. 11:00-14:00 &#8211; Wigilia Akademicka<br>22.12.2025 &#8211; 06.01.2026 &#8211; Bo\u017ce Narodzenie, przerwa \u015bwi\u0105teczna<br>18.02 &#8211; 22.02.2026 &#8211; wakacje zimowe<\/td><td>01.04 &#8211; 07.04.2026 &#8211; Wielkanoc &#8211; przerwa \u015bwi\u0105teczna<br>01.05.2026 &#8211; \u015awi\u0119to Pracy<br>03.05.2026 &#8211; \u015awi\u0119to Konstytucji 3 Maja<br>01.05 &#8211; 04.05.2026 &#8211; Rajd Politechniki Krakowskiej<br>12.05.2026 &#8211; \u015awi\u0119to Szko\u0142y<br>24.05.2026 &#8211; Zielone \u015awi\u0105tki<br>04.06 &#8211; 05.06.2026 &#8211; Bo\u017ce Cia\u0142o, przerwa \u015bwi\u0105teczna<br>01.07 &#8211; 31.08.2026 &#8211; wakacje letnie<\/td><\/tr><\/tbody><\/table><\/figure>\n\n\n\n<h2 class=\"wp-block-heading\">KALENDARZ AKADEMICKI 2024\/2025<\/h2>\n\n\n\n<figure class=\"wp-block-table\"><table><thead><tr><th><\/th><th>Semestr zimowy<\/th><th>Semestr letni<\/th><\/tr><\/thead><tbody><tr><td><strong>Pocz\u0105tek<\/strong><\/td><td>01.10.2024<\/td><td>24.02.2025<\/td><\/tr><tr><td><strong>Koniec<\/strong><\/td><td>23.02.2025<\/td><td>30.09.2025<\/td><\/tr><tr><td><strong>Sesja egzaminacyjna<\/strong><\/td><td>28.01 &#8211; 10.02.2025<\/td><td>16.06 &#8211; 18.06.2025, 20.06 &#8211; 30.06.2025<\/td><\/tr><tr><td><strong>Sesja poprawkowa<\/strong><\/td><td>11.02 &#8211; 17.02.2025<\/td><td>01.09 &#8211; 15.09.2025<\/td><\/tr><tr><td><strong>Dni wolne od zaj\u0119\u0107<\/strong><\/td><td>02.10.2024 &#8211; Inauguracja roku akademickiego<br>31.10 &#8211; 03.11.2024 &#8211; \u015awi\u0119to Wszystkich \u015awi\u0119tych<br>11.11.2024 &#8211; Narodowe \u015awi\u0119to Niepodleg\u0142o\u015bci<br>17.12.2024 &#8211; Wigilia Akademicka<br>23.12 &#8211; 01.01.2025 &#8211; Bo\u017ce Narodzenie &#8211; przerwa \u015bwi\u0105teczna<br>06.01.2025 &#8211; \u015awi\u0119to Trzech kr\u00f3li<br>18.02 &#8211; 23.02.2025 &#8211; wakacje zimowe<\/td><td>17.04 &#8211; 22.04.2025 &#8211; Wielkanoc &#8211; przerwa \u015bwi\u0105teczna<br>01.05 &#8211; 04.05.2025 &#8211; \u015awi\u0119to Pa\u0144stwowe, \u015awi\u0119to Narodowe Trzeciego Maja i Rajd Politechniki Krakowskiej<br>14.05.2025 &#8211; \u015awi\u0119to Szko\u0142y<br>08.06.2025 &#8211; Zielone \u015awi\u0105tki<br>19.06.2025 &#8211; Bo\u017ce Cia\u0142o<br>01.07 &#8211; 31.08.2025 &#8211; wakacje letnie<\/td><\/tr><\/tbody><\/table><\/figure>\n","protected":false},"excerpt":{"rendered":"<p>Semestr zimowy Semestr letni Pocz\u0105tek 01.10.2025 23.02.2026 Koniec 25.02.2026 30.09.2026 Sesja egzaminacyjna 29.01 &#8211; 10.02.2026 [&hellip;]<\/p>\n","protected":false},"author":916,"featured_media":20068,"parent":0,"menu_order":0,"comment_status":"closed","ping_status":"closed","template":"","meta":{"_acf_changed":false,"inline_featured_image":false,"_uag_custom_page_level_css":"","site-sidebar-layout":"default","site-content-layout":"","ast-site-content-layout":"default","site-content-style":"default","site-sidebar-style":"default","ast-global-header-display":"","ast-banner-title-visibility":"","ast-main-header-display":"","ast-hfb-above-header-display":"","ast-hfb-below-header-display":"","ast-hfb-mobile-header-display":"","site-post-title":"","ast-breadcrumbs-content":"","ast-featured-img":"","footer-sml-layout":"","ast-disable-related-posts":"","theme-transparent-header-meta":"","adv-header-id-meta":"","stick-header-meta":"","header-above-stick-meta":"","header-main-stick-meta":"","header-below-stick-meta":"","astra-migrate-meta-layouts":"set","ast-page-background-enabled":"default","ast-page-background-meta":{"desktop":{"background-color":"var(--ast-global-color-4)","background-image":"","background-repeat":"repeat","background-position":"center center","background-size":"auto","background-attachment":"scroll","background-type":"","background-media":"","overlay-type":"","overlay-color":"","overlay-opacity":"","overlay-gradient":""},"tablet":{"background-color":"","background-image":"","background-repeat":"repeat","background-position":"center center","background-size":"auto","background-attachment":"scroll","background-type":"","background-media":"","overlay-type":"","overlay-color":"","overlay-opacity":"","overlay-gradient":""},"mobile":{"background-color":"","background-image":"","background-repeat":"repeat","background-position":"center center","background-size":"auto","background-attachment":"scroll","background-type":"","background-media":"","overlay-type":"","overlay-color":"","overlay-opacity":"","overlay-gradient":""}},"ast-content-background-meta":{"desktop":{"background-color":"var(--ast-global-color-5)","background-image":"","background-repeat":"repeat","background-position":"center center","background-size":"auto","background-attachment":"scroll","background-type":"","background-media":"","overlay-type":"","overlay-color":"","overlay-opacity":"","overlay-gradient":""},"tablet":{"background-color":"var(--ast-global-color-5)","background-image":"","background-repeat":"repeat","background-position":"center center","background-size":"auto","background-attachment":"scroll","background-type":"","background-media":"","overlay-type":"","overlay-color":"","overlay-opacity":"","overlay-gradient":""},"mobile":{"background-color":"var(--ast-global-color-5)","background-image":"","background-repeat":"repeat","background-position":"center center","background-size":"auto","background-attachment":"scroll","background-type":"","background-media":"","overlay-type":"","overlay-color":"","overlay-opacity":"","overlay-gradient":""}},"footnotes":""},"class_list":["post-13712","page","type-page","status-publish","has-post-thumbnail","hentry"],"acf":[],"featured_image_src":"https:\/\/iro.pk.edu.pl\/wp-content\/uploads\/2024\/03\/niebieskie-tlo-symbol.png","uagb_featured_image_src":{"full":["https:\/\/iro.pk.edu.pl\/wp-content\/uploads\/2024\/03\/niebieskie-tlo-symbol.png",1200,675,false],"thumbnail":["https:\/\/iro.pk.edu.pl\/wp-content\/uploads\/2024\/03\/niebieskie-tlo-symbol-150x150.png",150,150,true],"medium":["https:\/\/iro.pk.edu.pl\/wp-content\/uploads\/2024\/03\/niebieskie-tlo-symbol-300x169.png",300,169,true],"medium_large":["https:\/\/iro.pk.edu.pl\/wp-content\/uploads\/2024\/03\/niebieskie-tlo-symbol-768x432.png",768,432,true],"large":["https:\/\/iro.pk.edu.pl\/wp-content\/uploads\/2024\/03\/niebieskie-tlo-symbol-1024x576.png",1024,576,true],"1536x1536":["https:\/\/iro.pk.edu.pl\/wp-content\/uploads\/2024\/03\/niebieskie-tlo-symbol.png",1200,675,false],"2048x2048":["https:\/\/iro.pk.edu.pl\/wp-content\/uploads\/2024\/03\/niebieskie-tlo-symbol.png",1200,675,false]},"uagb_author_info":{"display_name":"dkluczynski","author_link":"https:\/\/iro.pk.edu.pl\/pl\/author\/dkluczynski\/"},"uagb_comment_info":0,"uagb_excerpt":"Semestr zimowy Semestr letni Pocz\u0105tek 01.10.2025 23.02.2026 Koniec 25.02.2026 30.09.2026 Sesja egzaminacyjna 29.01 &#8211; 10.02.2026 [&hellip;]","_links":{"self":[{"href":"https:\/\/iro.pk.edu.pl\/pl\/wp-json\/wp\/v2\/pages\/13712","targetHints":{"allow":["GET"]}}],"collection":[{"href":"https:\/\/iro.pk.edu.pl\/pl\/wp-json\/wp\/v2\/pages"}],"about":[{"href":"https:\/\/iro.pk.edu.pl\/pl\/wp-json\/wp\/v2\/types\/page"}],"author":[{"embeddable":true,"href":"https:\/\/iro.pk.edu.pl\/pl\/wp-json\/wp\/v2\/users\/916"}],"replies":[{"embeddable":true,"href":"https:\/\/iro.pk.edu.pl\/pl\/wp-json\/wp\/v2\/comments?post=13712"}],"version-history":[{"count":0,"href":"https:\/\/iro.pk.edu.pl\/pl\/wp-json\/wp\/v2\/pages\/13712\/revisions"}],"wp:featuredmedia":[{"embeddable":true,"href":"https:\/\/iro.pk.edu.pl\/pl\/wp-json\/wp\/v2\/media\/20068"}],"wp:attachment":[{"href":"https:\/\/iro.pk.edu.pl\/pl\/wp-json\/wp\/v2\/media?parent=13712"}],"curies":[{"name":"wp","href":"https:\/\/api.w.org\/{rel}","templated":true}]}}

<figure class="wp-block-table"><table><thead><tr><th></th><th>Semestr zimowy</th><th>Semestr letni</th></tr></thead><tbody><tr><td><strong>Początek</strong></td><td>01.10.2025</td><td>23.02.2026</td></tr><tr><td><strong>Koniec</strong></td><td>25.02.2026</td><td>30.09.2026</td></tr><tr><td><strong>Sesja egzaminacyjna</strong></td><td>29.01 &#8211; 10.02.2026</td><td>17.06 &#8211; 30.06.2026</td></tr><tr><td><strong>Sesja poprawkowa</strong></td><td>11.02 &#8211; 17.02.2026</td><td>01.09 &#8211; 15.09.2026</td></tr><tr><td><strong>Dni wolne od zajęć</strong></td><td>02.10.2025 &#8211; Inauguracja roku akademickiego<br>31.10 &#8211; 02.11.2025 &#8211; Święto Wszystkich Świętych<br>10.11.2025 &#8211; dzień wolny za święto przypadające w sobotę<br>11.11.2025 &#8211; Narodowe Święto Niepodległości<br>18.12.2025 godz. 11:00-14:00 &#8211; Wigilia Akademicka<br>22.12.2025 &#8211; 06.01.2026 &#8211; Boże Narodzenie, przerwa świąteczna<br>18.02 &#8211; 22.02.2026 &#8211; wakacje zimowe</td><td>01.04 &#8211; 07.04.2026 &#8211; Wielkanoc &#8211; przerwa świąteczna<br>01.05.2026 &#8211; Święto Pracy<br>03.05.2026 &#8211; Święto Konstytucji 3 Maja<br>01.05 &#8211; 04.05.2026 &#8211; Rajd Politechniki Krakowskiej<br>12.05.2026 &#8211; Święto Szkoły<br>24.05.2026 &#8211; Zielone Świątki<br>04.06 &#8211; 05.06.2026 &#8211; Boże Ciało, przerwa świąteczna<br>01.07 &#8211; 31.08.2026 &#8211; wakacje letnie</td></tr></tbody></table></figure>



<h2 class="wp-block-heading">KALENDARZ AKADEMICKI 2024/2025</h2>



<figure class="wp-block-table"><table><thead><tr><th></th><th>Semestr zimowy</th><th>Semestr letni</th></tr></thead><tbody><tr><td><strong>Początek</strong></td><td>01.10.2024</td><td>24.02.2025</td></tr><tr><td><strong>Koniec</strong></td><td>23.02.2025</td><td>30.09.2025</td></tr><tr><td><strong>Sesja egzaminacyjna</strong></td><td>28.01 &#8211; 10.02.2025</td><td>16.06 &#8211; 18.06.2025, 20.06 &#8211; 30.06.2025</td></tr><tr><td><strong>Sesja poprawkowa</strong></td><td>11.02 &#8211; 17.02.2025</td><td>01.09 &#8211; 15.09.2025</td></tr><tr><td><strong>Dni wolne od zajęć</strong></td><td>02.10.2024 &#8211; Inauguracja roku akademickiego<br>31.10 &#8211; 03.11.2024 &#8211; Święto Wszystkich Świętych<br>11.11.2024 &#8211; Narodowe Święto Niepodległości<br>17.12.2024 &#8211; Wigilia Akademicka<br>23.12 &#8211; 01.01.2025 &#8211; Boże Narodzenie &#8211; przerwa świąteczna<br>06.01.2025 &#8211; Święto Trzech króli<br>18.02 &#8211; 23.02.2025 &#8211; wakacje zimowe</td><td>17.04 &#8211; 22.04.2025 &#8211; Wielkanoc &#8211; przerwa świąteczna<br>01.05 &#8211; 04.05.2025 &#8211; Święto Państwowe, Święto Narodowe Trzeciego Maja i Rajd Politechniki Krakowskiej<br>14.05.2025 &#8211; Święto Szkoły<br>08.06.2025 &#8211; Zielone Świątki<br>19.06.2025 &#8211; Boże Ciało<br>01.07 &#8211; 31.08.2025 &#8211; wakacje letnie</td></tr></tbody></table></figure>

<p>Semestr zimowy Semestr letni Początek 01.10.2025 23.02.2026 Koniec 25.02.2026 30.09.2026 Sesja egzaminacyjna 29.01 &#8211; 10.02.2026 [&hellip;]</p>

Semestr zimowy Semestr letni Początek 01.10.2025 23.02.2026 Koniec 25.02.2026 30.09.2026 Sesja egzaminacyjna 29.01 &#8211; 10.02.2026 [&hellip;]
